{"id":235,"date":"2018-08-30T16:13:56","date_gmt":"2018-08-30T14:13:56","guid":{"rendered":"https:\/\/www.cri4data.com\/index.php\/hestia-front\/"},"modified":"2023-08-25T16:16:38","modified_gmt":"2023-08-25T14:16:38","slug":"hestia-front","status":"publish","type":"page","link":"https:\/\/www.cri4data.com\/","title":{"rendered":"Accueil"},"content":{"rendered":"<h1 class=\"white-text\" title=\"Maj+clic pour modifier cet \u00e9l\u00e9ment.\" style=\"text-align: center;\">Notre plateforme est un acc\u00e9l\u00e9rateur pour votre passage au num\u00e9rique<\/h1>\n<h5 style=\"text-align: center;\">Les compagnies d&rsquo;assurance ont du mal \u00e0 passer \u00e0 l&rsquo;\u00e8re num\u00e9rique, ce qui les emp\u00eache de fournir une ex\u00e9rience client optimal et de rester comp\u00e9titves sur le march\u00e9.<\/h5>\n<p style=\"text-align: center;\"><img decoding=\"async\" loading=\"lazy\" src=\"https:\/\/www.cri4data.com\/wp-content\/uploads\/2023\/08\/dp4cc.png\" alt=\"\" width=\"1184\" height=\"513\" class=\"aligncenter wp-image-1607 size-full\" srcset=\"https:\/\/www.cri4data.com\/wp-content\/uploads\/2023\/08\/dp4cc.png 1184w, https:\/\/www.cri4data.com\/wp-content\/uploads\/2023\/08\/dp4cc-300x130.png 300w, https:\/\/www.cri4data.com\/wp-content\/uploads\/2023\/08\/dp4cc-768x333.png 768w, https:\/\/www.cri4data.com\/wp-content\/uploads\/2023\/08\/dp4cc-1024x444.png 1024w\" sizes=\"(max-width: 1184px) 100vw, 1184px\" \/><\/p>\n","protected":false},"excerpt":{"rendered":"<p>Notre plateforme est un acc\u00e9l\u00e9rateur pour votre passage au num\u00e9rique Les compagnies d&rsquo;assurance ont du mal \u00e0 passer \u00e0 l&rsquo;\u00e8re num\u00e9rique, ce qui les emp\u00eache de fournir une ex\u00e9rience client optimal et de rester comp\u00e9titves sur le march\u00e9.<\/p>\n","protected":false},"author":1,"featured_media":0,"parent":0,"menu_order":0,"comment_status":"closed","ping_status":"closed","template":"","meta":{"footnotes":""},"_links":{"self":[{"href":"https:\/\/www.cri4data.com\/index.php\/wp-json\/wp\/v2\/pages\/235"}],"collection":[{"href":"https:\/\/www.cri4data.com\/index.php\/wp-json\/wp\/v2\/pages"}],"about":[{"href":"https:\/\/www.cri4data.com\/index.php\/wp-json\/wp\/v2\/types\/page"}],"author":[{"embeddable":true,"href":"https:\/\/www.cri4data.com\/index.php\/wp-json\/wp\/v2\/users\/1"}],"replies":[{"embeddable":true,"href":"https:\/\/www.cri4data.com\/index.php\/wp-json\/wp\/v2\/comments?post=235"}],"version-history":[{"count":13,"href":"https:\/\/www.cri4data.com\/index.php\/wp-json\/wp\/v2\/pages\/235\/revisions"}],"predecessor-version":[{"id":1609,"href":"https:\/\/www.cri4data.com\/index.php\/wp-json\/wp\/v2\/pages\/235\/revisions\/1609"}],"wp:attachment":[{"href":"https:\/\/www.cri4data.com\/index.php\/wp-json\/wp\/v2\/media?parent=235"}],"curies":[{"name":"wp","href":"https:\/\/api.w.org\/{rel}","templated":true}]}}